Dec 02 02:27:13.340 INFO testing Velfi/i-ching against master#8940af3cea4a9a9deabcaf843b2f8cad9a83fc61 for beta-1.31-5
Dec 02 02:27:13.340 INFO running `"docker" "create" "-v" "/mnt/big/crater/work/local/target-dirs/beta-1.31-5/worker-0/master#8940af3cea4a9a9deabcaf843b2f8cad9a83fc61:/target:rw,Z" "-v" "/mnt/big/crater/work/local/test-source/worker-0/beta-1.31-5/master#8940af3cea4a9a9deabcaf843b2f8cad9a83fc61:/source:ro,Z" "-v" "/mnt/big/crater/work/local/cargo-home:/cargo-home:ro,Z" "-v" "/mnt/big/crater/work/local/rustup-home:/rustup-home:ro,Z" "-e" "USER_ID=1000" "-e" "SOURCE_DIR=/source" "-e" "USER_ID=1000" "-e" "CMD=cargo +8940af3cea4a9a9deabcaf843b2f8cad9a83fc61-alt build --frozen" "-e" "CARGO_TARGET_DIR=/target" "-e" "CARGO_INCREMENTAL=0" "-e" "RUST_BACKTRACE=full" "-e" "RUSTFLAGS=--cap-lints=warn" "-e" "CARGO_HOME=/cargo-home" "-e" "RUSTUP_HOME=/rustup-home" "-m" "1536M" "--network" "none" "crater"`
Dec 02 02:27:13.876 INFO [stdout] 2d17ad80703e68be00b207c9ea48b987f3ee98bc9c80fd377e32e553359e3106
Dec 02 02:27:13.880 INFO running `"docker" "start" "-a" "2d17ad80703e68be00b207c9ea48b987f3ee98bc9c80fd377e32e553359e3106"`
Dec 02 02:27:14.954 INFO [stderr] usermod: no changes
Dec 02 02:27:15.107 INFO [stderr]    Compiling iching v0.3.1 (/source)
Dec 02 02:27:16.351 INFO [stderr] warning: unused `std::result::Result` that must be used
Dec 02 02:27:16.351 INFO [stderr]   --> src/hexagram_repository.rs:68:9
Dec 02 02:27:16.351 INFO [stderr]    |
Dec 02 02:27:16.351 INFO [stderr] 68 |         writeln!(f, "  {} (No. {})", self.get_symbol(), self.get_number());
Dec 02 02:27:16.351 INFO [stderr]    |         ^^^^^^^^^^^^^^^^^^^^^^^^^^^^^^^^^^^^^^^^^^^^^^^^^^^^^^^^^^^^^^^^^^^
Dec 02 02:27:16.351 INFO [stderr]    |
Dec 02 02:27:16.351 INFO [stderr]    = note: #[warn(unused_must_use)] on by default
Dec 02 02:27:16.351 INFO [stderr]    = note: this `Result` may be an `Err` variant, which should be handled
Dec 02 02:27:16.351 INFO [stderr]    = note: this error originates in a macro outside of the current crate (in Nightly builds, run with -Z external-macro-backtrace for more info)
Dec 02 02:27:16.351 INFO [stderr] 
Dec 02 02:27:16.351 INFO [stderr] warning: unused `std::result::Result` that must be used
Dec 02 02:27:16.351 INFO [stderr]   --> src/hexagram_repository.rs:69:9
Dec 02 02:27:16.351 INFO [stderr]    |
Dec 02 02:27:16.351 INFO [stderr] 69 |         writeln!(f, "{} - {}", self.get_chinese_name(), self.get_localized_name());
Dec 02 02:27:16.351 INFO [stderr]    |         ^^^^^^^^^^^^^^^^^^^^^^^^^^^^^^^^^^^^^^^^^^^^^^^^^^^^^^^^^^^^^^^^^^^^^^^^^^^
Dec 02 02:27:16.351 INFO [stderr]    |
Dec 02 02:27:16.351 INFO [stderr]    = note: this `Result` may be an `Err` variant, which should be handled
Dec 02 02:27:16.351 INFO [stderr]    = note: this error originates in a macro outside of the current crate (in Nightly builds, run with -Z external-macro-backtrace for more info)
Dec 02 02:27:16.351 INFO [stderr] 
Dec 02 02:27:16.351 INFO [stderr] warning: unused `std::result::Result` that must be used
Dec 02 02:27:16.351 INFO [stderr]   --> src/hexagram_repository.rs:70:9
Dec 02 02:27:16.351 INFO [stderr]    |
Dec 02 02:27:16.351 INFO [stderr] 70 |         writeln!(f);
Dec 02 02:27:16.351 INFO [stderr]    |         ^^^^^^^^^^^^
Dec 02 02:27:16.351 INFO [stderr]    |
Dec 02 02:27:16.351 INFO [stderr]    = note: this `Result` may be an `Err` variant, which should be handled
Dec 02 02:27:16.351 INFO [stderr]    = note: this error originates in a macro outside of the current crate (in Nightly builds, run with -Z external-macro-backtrace for more info)
Dec 02 02:27:16.351 INFO [stderr] 
Dec 02 02:27:16.351 INFO [stderr] warning: unused `std::result::Result` that must be used
Dec 02 02:27:16.351 INFO [stderr]   --> src/hexagram_repository.rs:71:9
Dec 02 02:27:16.351 INFO [stderr]    |
Dec 02 02:27:16.351 INFO [stderr] 71 |         writeln!(f, "  Judgement:");
Dec 02 02:27:16.351 INFO [stderr]    |         ^^^^^^^^^^^^^^^^^^^^^^^^^^^^
Dec 02 02:27:16.351 INFO [stderr]    |
Dec 02 02:27:16.351 INFO [stderr]    = note: this `Result` may be an `Err` variant, which should be handled
Dec 02 02:27:16.351 INFO [stderr]    = note: this error originates in a macro outside of the current crate (in Nightly builds, run with -Z external-macro-backtrace for more info)
Dec 02 02:27:16.351 INFO [stderr] 
Dec 02 02:27:16.351 INFO [stderr] warning: unused `std::result::Result` that must be used
Dec 02 02:27:16.351 INFO [stderr]   --> src/hexagram_repository.rs:72:9
Dec 02 02:27:16.351 INFO [stderr]    |
Dec 02 02:27:16.351 INFO [stderr] 72 |         writeln!(f, "{}", self.get_judgement());
Dec 02 02:27:16.351 INFO [stderr]    |         ^^^^^^^^^^^^^^^^^^^^^^^^^^^^^^^^^^^^^^^^
Dec 02 02:27:16.351 INFO [stderr]    |
Dec 02 02:27:16.351 INFO [stderr]    = note: this `Result` may be an `Err` variant, which should be handled
Dec 02 02:27:16.351 INFO [stderr]    = note: this error originates in a macro outside of the current crate (in Nightly builds, run with -Z external-macro-backtrace for more info)
Dec 02 02:27:16.351 INFO [stderr] 
Dec 02 02:27:16.351 INFO [stderr] warning: unused `std::result::Result` that must be used
Dec 02 02:27:16.351 INFO [stderr]   --> src/hexagram_repository.rs:73:9
Dec 02 02:27:16.351 INFO [stderr]    |
Dec 02 02:27:16.351 INFO [stderr] 73 |         writeln!(f, "  Images:");
Dec 02 02:27:16.351 INFO [stderr]    |         ^^^^^^^^^^^^^^^^^^^^^^^^^
Dec 02 02:27:16.351 INFO [stderr]    |
Dec 02 02:27:16.351 INFO [stderr]    = note: this `Result` may be an `Err` variant, which should be handled
Dec 02 02:27:16.351 INFO [stderr]    = note: this error originates in a macro outside of the current crate (in Nightly builds, run with -Z external-macro-backtrace for more info)
Dec 02 02:27:16.351 INFO [stderr] 
Dec 02 02:27:16.351 INFO [stderr] warning: unused `std::result::Result` that must be used
Dec 02 02:27:16.352 INFO [stderr]   --> src/hexagram_repository.rs:74:9
Dec 02 02:27:16.352 INFO [stderr]    |
Dec 02 02:27:16.352 INFO [stderr] 74 |         writeln!(f, "{}", self.get_images());
Dec 02 02:27:16.352 INFO [stderr]    |         ^^^^^^^^^^^^^^^^^^^^^^^^^^^^^^^^^^^^^
Dec 02 02:27:16.352 INFO [stderr]    |
Dec 02 02:27:16.352 INFO [stderr]    = note: this `Result` may be an `Err` variant, which should be handled
Dec 02 02:27:16.352 INFO [stderr]    = note: this error originates in a macro outside of the current crate (in Nightly builds, run with -Z external-macro-backtrace for more info)
Dec 02 02:27:16.352 INFO [stderr] 
Dec 02 02:27:16.359 INFO [stderr] warning: unused `std::result::Result` that must be used
Dec 02 02:27:16.359 INFO [stderr]    --> src/trigram.rs:234:9
Dec 02 02:27:16.359 INFO [stderr]     |
Dec 02 02:27:16.359 INFO [stderr] 234 |         writeln!(f, "{} (No. {})", self.symbol(), self.number());
Dec 02 02:27:16.359 INFO [stderr]     |         ^^^^^^^^^^^^^^^^^^^^^^^^^^^^^^^^^^^^^^^^^^^^^^^^^^^^^^^^^
Dec 02 02:27:16.359 INFO [stderr]     |
Dec 02 02:27:16.359 INFO [stderr]     = note: this `Result` may be an `Err` variant, which should be handled
Dec 02 02:27:16.359 INFO [stderr]     = note: this error originates in a macro outside of the current crate (in Nightly builds, run with -Z external-macro-backtrace for more info)
Dec 02 02:27:16.359 INFO [stderr] 
Dec 02 02:27:16.359 INFO [stderr] warning: unused `std::result::Result` that must be used
Dec 02 02:27:16.359 INFO [stderr]    --> src/trigram.rs:235:9
Dec 02 02:27:16.359 INFO [stderr]     |
Dec 02 02:27:16.359 INFO [stderr] 235 |         writeln!(f, "{} - {}", self.romanized(), self.english_translation());
Dec 02 02:27:16.359 INFO [stderr]     |         ^^^^^^^^^^^^^^^^^^^^^^^^^^^^^^^^^^^^^^^^^^^^^^^^^^^^^^^^^^^^^^^^^^^^^
Dec 02 02:27:16.359 INFO [stderr]     |
Dec 02 02:27:16.359 INFO [stderr]     = note: this `Result` may be an `Err` variant, which should be handled
Dec 02 02:27:16.359 INFO [stderr]     = note: this error originates in a macro outside of the current crate (in Nightly builds, run with -Z external-macro-backtrace for more info)
Dec 02 02:27:16.359 INFO [stderr] 
Dec 02 02:27:16.359 INFO [stderr] warning: unused `std::result::Result` that must be used
Dec 02 02:27:16.359 INFO [stderr]    --> src/trigram.rs:236:9
Dec 02 02:27:16.359 INFO [stderr]     |
Dec 02 02:27:16.359 INFO [stderr] 236 |         writeln!(f);
Dec 02 02:27:16.359 INFO [stderr]     |         ^^^^^^^^^^^^
Dec 02 02:27:16.359 INFO [stderr]     |
Dec 02 02:27:16.359 INFO [stderr]     = note: this `Result` may be an `Err` variant, which should be handled
Dec 02 02:27:16.359 INFO [stderr]     = note: this error originates in a macro outside of the current crate (in Nightly builds, run with -Z external-macro-backtrace for more info)
Dec 02 02:27:16.359 INFO [stderr] 
Dec 02 02:27:16.359 INFO [stderr] warning: unused `std::result::Result` that must be used
Dec 02 02:27:16.359 INFO [stderr]    --> src/trigram.rs:237:9
Dec 02 02:27:16.359 INFO [stderr]     |
Dec 02 02:27:16.359 INFO [stderr] 237 |         writeln!(f, "Attribute: {}", self.attribute());
Dec 02 02:27:16.359 INFO [stderr]     |         ^^^^^^^^^^^^^^^^^^^^^^^^^^^^^^^^^^^^^^^^^^^^^^^
Dec 02 02:27:16.359 INFO [stderr]     |
Dec 02 02:27:16.359 INFO [stderr]     = note: this `Result` may be an `Err` variant, which should be handled
Dec 02 02:27:16.359 INFO [stderr]     = note: this error originates in a macro outside of the current crate (in Nightly builds, run with -Z external-macro-backtrace for more info)
Dec 02 02:27:16.359 INFO [stderr] 
Dec 02 02:27:16.359 INFO [stderr] warning: unused `std::result::Result` that must be used
Dec 02 02:27:16.359 INFO [stderr]    --> src/trigram.rs:238:9
Dec 02 02:27:16.359 INFO [stderr]     |
Dec 02 02:27:16.359 INFO [stderr] 238 |         writeln!(f, "Image in nature: {}", self.image());
Dec 02 02:27:16.359 INFO [stderr]     |         ^^^^^^^^^^^^^^^^^^^^^^^^^^^^^^^^^^^^^^^^^^^^^^^^^
Dec 02 02:27:16.359 INFO [stderr]     |
Dec 02 02:27:16.359 INFO [stderr]     = note: this `Result` may be an `Err` variant, which should be handled
Dec 02 02:27:16.359 INFO [stderr]     = note: this error originates in a macro outside of the current crate (in Nightly builds, run with -Z external-macro-backtrace for more info)
Dec 02 02:27:16.359 INFO [stderr] 
Dec 02 02:27:16.359 INFO [stderr] warning: unused `std::result::Result` that must be used
Dec 02 02:27:16.359 INFO [stderr]    --> src/trigram.rs:239:9
Dec 02 02:27:16.359 INFO [stderr]     |
Dec 02 02:27:16.359 INFO [stderr] 239 |         writeln!(f, "Family Relationship: {}", self.family_relationship());
Dec 02 02:27:16.359 INFO [stderr]     |         ^^^^^^^^^^^^^^^^^^^^^^^^^^^^^^^^^^^^^^^^^^^^^^^^^^^^^^^^^^^^^^^^^^^
Dec 02 02:27:16.359 INFO [stderr]     |
Dec 02 02:27:16.359 INFO [stderr]     = note: this `Result` may be an `Err` variant, which should be handled
Dec 02 02:27:16.359 INFO [stderr]     = note: this error originates in a macro outside of the current crate (in Nightly builds, run with -Z external-macro-backtrace for more info)
Dec 02 02:27:16.359 INFO [stderr] 
Dec 02 02:27:23.256 INFO [stderr]     Finished dev [unoptimized + debuginfo] target(s) in 8.28s
Dec 02 02:27:23.262 INFO [stderr] su: No module specific data is present
Dec 02 02:27:24.606 INFO running `"docker" "inspect" "2d17ad80703e68be00b207c9ea48b987f3ee98bc9c80fd377e32e553359e3106"`
Dec 02 02:27:24.875 INFO running `"docker" "rm" "-f" "2d17ad80703e68be00b207c9ea48b987f3ee98bc9c80fd377e32e553359e3106"`
Dec 02 02:27:25.187 INFO [stdout] 2d17ad80703e68be00b207c9ea48b987f3ee98bc9c80fd377e32e553359e3106
Dec 02 02:27:25.193 INFO running `"docker" "create" "-v" "/mnt/big/crater/work/local/target-dirs/beta-1.31-5/worker-0/master#8940af3cea4a9a9deabcaf843b2f8cad9a83fc61:/target:rw,Z" "-v" "/mnt/big/crater/work/local/test-source/worker-0/beta-1.31-5/master#8940af3cea4a9a9deabcaf843b2f8cad9a83fc61:/source:ro,Z" "-v" "/mnt/big/crater/work/local/cargo-home:/cargo-home:ro,Z" "-v" "/mnt/big/crater/work/local/rustup-home:/rustup-home:ro,Z" "-e" "USER_ID=1000" "-e" "SOURCE_DIR=/source" "-e" "USER_ID=1000" "-e" "CMD=cargo +8940af3cea4a9a9deabcaf843b2f8cad9a83fc61-alt test --frozen --no-run" "-e" "CARGO_TARGET_DIR=/target" "-e" "CARGO_INCREMENTAL=0" "-e" "RUST_BACKTRACE=full" "-e" "RUSTFLAGS=--cap-lints=warn" "-e" "CARGO_HOME=/cargo-home" "-e" "RUSTUP_HOME=/rustup-home" "-m" "1536M" "--network" "none" "crater"`
Dec 02 02:27:25.555 INFO [stdout] 6e719f396998885d2209138eadbcfaa4bdb3edef6876de1b219255d0bcd72583
Dec 02 02:27:25.563 INFO running `"docker" "start" "-a" "6e719f396998885d2209138eadbcfaa4bdb3edef6876de1b219255d0bcd72583"`
Dec 02 02:27:26.764 INFO [stderr] usermod: no changes
Dec 02 02:27:26.879 INFO [stderr]    Compiling iching v0.3.1 (/source)
Dec 02 02:27:28.452 INFO [stderr] warning: unused `std::result::Result` that must be used
Dec 02 02:27:28.453 INFO [stderr]   --> src/hexagram_repository.rs:68:9
Dec 02 02:27:28.453 INFO [stderr]    |
Dec 02 02:27:28.453 INFO [stderr] 68 |         writeln!(f, "  {} (No. {})", self.get_symbol(), self.get_number());
Dec 02 02:27:28.453 INFO [stderr]    |         ^^^^^^^^^^^^^^^^^^^^^^^^^^^^^^^^^^^^^^^^^^^^^^^^^^^^^^^^^^^^^^^^^^^
Dec 02 02:27:28.453 INFO [stderr]    |
Dec 02 02:27:28.453 INFO [stderr]    = note: #[warn(unused_must_use)] on by default
Dec 02 02:27:28.453 INFO [stderr]    = note: this `Result` may be an `Err` variant, which should be handled
Dec 02 02:27:28.453 INFO [stderr]    = note: this error originates in a macro outside of the current crate (in Nightly builds, run with -Z external-macro-backtrace for more info)
Dec 02 02:27:28.453 INFO [stderr] 
Dec 02 02:27:28.453 INFO [stderr] warning: unused `std::result::Result` that must be used
Dec 02 02:27:28.453 INFO [stderr]   --> src/hexagram_repository.rs:69:9
Dec 02 02:27:28.453 INFO [stderr]    |
Dec 02 02:27:28.453 INFO [stderr] 69 |         writeln!(f, "{} - {}", self.get_chinese_name(), self.get_localized_name());
Dec 02 02:27:28.453 INFO [stderr]    |         ^^^^^^^^^^^^^^^^^^^^^^^^^^^^^^^^^^^^^^^^^^^^^^^^^^^^^^^^^^^^^^^^^^^^^^^^^^^
Dec 02 02:27:28.453 INFO [stderr]    |
Dec 02 02:27:28.453 INFO [stderr]    = note: this `Result` may be an `Err` variant, which should be handled
Dec 02 02:27:28.453 INFO [stderr]    = note: this error originates in a macro outside of the current crate (in Nightly builds, run with -Z external-macro-backtrace for more info)
Dec 02 02:27:28.453 INFO [stderr] 
Dec 02 02:27:28.453 INFO [stderr] warning: unused `std::result::Result` that must be used
Dec 02 02:27:28.453 INFO [stderr]   --> src/hexagram_repository.rs:70:9
Dec 02 02:27:28.453 INFO [stderr]    |
Dec 02 02:27:28.453 INFO [stderr] 70 |         writeln!(f);
Dec 02 02:27:28.453 INFO [stderr]    |         ^^^^^^^^^^^^
Dec 02 02:27:28.453 INFO [stderr]    |
Dec 02 02:27:28.453 INFO [stderr]    = note: this `Result` may be an `Err` variant, which should be handled
Dec 02 02:27:28.453 INFO [stderr]    = note: this error originates in a macro outside of the current crate (in Nightly builds, run with -Z external-macro-backtrace for more info)
Dec 02 02:27:28.453 INFO [stderr] 
Dec 02 02:27:28.453 INFO [stderr] warning: unused `std::result::Result` that must be used
Dec 02 02:27:28.453 INFO [stderr]   --> src/hexagram_repository.rs:71:9
Dec 02 02:27:28.453 INFO [stderr]    |
Dec 02 02:27:28.453 INFO [stderr] 71 |         writeln!(f, "  Judgement:");
Dec 02 02:27:28.453 INFO [stderr]    |         ^^^^^^^^^^^^^^^^^^^^^^^^^^^^
Dec 02 02:27:28.453 INFO [stderr]    |
Dec 02 02:27:28.453 INFO [stderr]    = note: this `Result` may be an `Err` variant, which should be handled
Dec 02 02:27:28.453 INFO [stderr]    = note: this error originates in a macro outside of the current crate (in Nightly builds, run with -Z external-macro-backtrace for more info)
Dec 02 02:27:28.453 INFO [stderr] 
Dec 02 02:27:28.453 INFO [stderr] warning: unused `std::result::Result` that must be used
Dec 02 02:27:28.453 INFO [stderr]   --> src/hexagram_repository.rs:72:9
Dec 02 02:27:28.453 INFO [stderr]    |
Dec 02 02:27:28.453 INFO [stderr] 72 |         writeln!(f, "{}", self.get_judgement());
Dec 02 02:27:28.453 INFO [stderr]    |         ^^^^^^^^^^^^^^^^^^^^^^^^^^^^^^^^^^^^^^^^
Dec 02 02:27:28.453 INFO [stderr]    |
Dec 02 02:27:28.453 INFO [stderr]    = note: this `Result` may be an `Err` variant, which should be handled
Dec 02 02:27:28.453 INFO [stderr]    = note: this error originates in a macro outside of the current crate (in Nightly builds, run with -Z external-macro-backtrace for more info)
Dec 02 02:27:28.454 INFO [stderr] 
Dec 02 02:27:28.454 INFO [stderr] warning: unused `std::result::Result` that must be used
Dec 02 02:27:28.454 INFO [stderr]   --> src/hexagram_repository.rs:73:9
Dec 02 02:27:28.454 INFO [stderr]    |
Dec 02 02:27:28.454 INFO [stderr] 73 |         writeln!(f, "  Images:");
Dec 02 02:27:28.454 INFO [stderr]    |         ^^^^^^^^^^^^^^^^^^^^^^^^^
Dec 02 02:27:28.454 INFO [stderr]    |
Dec 02 02:27:28.454 INFO [stderr]    = note: this `Result` may be an `Err` variant, which should be handled
Dec 02 02:27:28.454 INFO [stderr]    = note: this error originates in a macro outside of the current crate (in Nightly builds, run with -Z external-macro-backtrace for more info)
Dec 02 02:27:28.454 INFO [stderr] 
Dec 02 02:27:28.454 INFO [stderr] warning: unused `std::result::Result` that must be used
Dec 02 02:27:28.454 INFO [stderr]   --> src/hexagram_repository.rs:74:9
Dec 02 02:27:28.454 INFO [stderr]    |
Dec 02 02:27:28.454 INFO [stderr] 74 |         writeln!(f, "{}", self.get_images());
Dec 02 02:27:28.454 INFO [stderr]    |         ^^^^^^^^^^^^^^^^^^^^^^^^^^^^^^^^^^^^^
Dec 02 02:27:28.454 INFO [stderr]    |
Dec 02 02:27:28.454 INFO [stderr]    = note: this `Result` may be an `Err` variant, which should be handled
Dec 02 02:27:28.454 INFO [stderr]    = note: this error originates in a macro outside of the current crate (in Nightly builds, run with -Z external-macro-backtrace for more info)
Dec 02 02:27:28.454 INFO [stderr] 
Dec 02 02:27:28.460 INFO [stderr] warning: unused `std::result::Result` that must be used
Dec 02 02:27:28.460 INFO [stderr]    --> src/trigram.rs:234:9
Dec 02 02:27:28.460 INFO [stderr]     |
Dec 02 02:27:28.460 INFO [stderr] 234 |         writeln!(f, "{} (No. {})", self.symbol(), self.number());
Dec 02 02:27:28.460 INFO [stderr]     |         ^^^^^^^^^^^^^^^^^^^^^^^^^^^^^^^^^^^^^^^^^^^^^^^^^^^^^^^^^
Dec 02 02:27:28.475 INFO [stderr]     |
Dec 02 02:27:28.475 INFO [stderr]     = note: this `Result` may be an `Err` variant, which should be handled
Dec 02 02:27:28.475 INFO [stderr]     = note: this error originates in a macro outside of the current crate (in Nightly builds, run with -Z external-macro-backtrace for more info)
Dec 02 02:27:28.475 INFO [stderr] 
Dec 02 02:27:28.475 INFO [stderr] warning: unused `std::result::Result` that must be used
Dec 02 02:27:28.475 INFO [stderr]    --> src/trigram.rs:235:9
Dec 02 02:27:28.475 INFO [stderr]     |
Dec 02 02:27:28.475 INFO [stderr] 235 |         writeln!(f, "{} - {}", self.romanized(), self.english_translation());
Dec 02 02:27:28.475 INFO [stderr]     |         ^^^^^^^^^^^^^^^^^^^^^^^^^^^^^^^^^^^^^^^^^^^^^^^^^^^^^^^^^^^^^^^^^^^^^
Dec 02 02:27:28.475 INFO [stderr]     |
Dec 02 02:27:28.475 INFO [stderr]     = note: this `Result` may be an `Err` variant, which should be handled
Dec 02 02:27:28.475 INFO [stderr]     = note: this error originates in a macro outside of the current crate (in Nightly builds, run with -Z external-macro-backtrace for more info)
Dec 02 02:27:28.475 INFO [stderr] 
Dec 02 02:27:28.475 INFO [stderr] warning: unused `std::result::Result` that must be used
Dec 02 02:27:28.475 INFO [stderr]    --> src/trigram.rs:236:9
Dec 02 02:27:28.475 INFO [stderr]     |
Dec 02 02:27:28.475 INFO [stderr] 236 |         writeln!(f);
Dec 02 02:27:28.476 INFO [stderr]     |         ^^^^^^^^^^^^
Dec 02 02:27:28.476 INFO [stderr]     |
Dec 02 02:27:28.476 INFO [stderr]     = note: this `Result` may be an `Err` variant, which should be handled
Dec 02 02:27:28.476 INFO [stderr]     = note: this error originates in a macro outside of the current crate (in Nightly builds, run with -Z external-macro-backtrace for more info)
Dec 02 02:27:28.476 INFO [stderr] 
Dec 02 02:27:28.476 INFO [stderr] warning: unused `std::result::Result` that must be used
Dec 02 02:27:28.476 INFO [stderr]    --> src/trigram.rs:237:9
Dec 02 02:27:28.476 INFO [stderr]     |
Dec 02 02:27:28.476 INFO [stderr] 237 |         writeln!(f, "Attribute: {}", self.attribute());
Dec 02 02:27:28.476 INFO [stderr]     |         ^^^^^^^^^^^^^^^^^^^^^^^^^^^^^^^^^^^^^^^^^^^^^^^
Dec 02 02:27:28.476 INFO [stderr]     |
Dec 02 02:27:28.476 INFO [stderr]     = note: this `Result` may be an `Err` variant, which should be handled
Dec 02 02:27:28.476 INFO [stderr]     = note: this error originates in a macro outside of the current crate (in Nightly builds, run with -Z external-macro-backtrace for more info)
Dec 02 02:27:28.476 INFO [stderr] 
Dec 02 02:27:28.476 INFO [stderr] warning: unused `std::result::Result` that must be used
Dec 02 02:27:28.476 INFO [stderr]    --> src/trigram.rs:238:9
Dec 02 02:27:28.476 INFO [stderr]     |
Dec 02 02:27:28.476 INFO [stderr] 238 |         writeln!(f, "Image in nature: {}", self.image());
Dec 02 02:27:28.476 INFO [stderr]     |         ^^^^^^^^^^^^^^^^^^^^^^^^^^^^^^^^^^^^^^^^^^^^^^^^^
Dec 02 02:27:28.476 INFO [stderr]     |
Dec 02 02:27:28.476 INFO [stderr]     = note: this `Result` may be an `Err` variant, which should be handled
Dec 02 02:27:28.476 INFO [stderr]     = note: this error originates in a macro outside of the current crate (in Nightly builds, run with -Z external-macro-backtrace for more info)
Dec 02 02:27:28.476 INFO [stderr] 
Dec 02 02:27:28.477 INFO [stderr] warning: unused `std::result::Result` that must be used
Dec 02 02:27:28.477 INFO [stderr]    --> src/trigram.rs:239:9
Dec 02 02:27:28.477 INFO [stderr]     |
Dec 02 02:27:28.477 INFO [stderr] 239 |         writeln!(f, "Family Relationship: {}", self.family_relationship());
Dec 02 02:27:28.477 INFO [stderr]     |         ^^^^^^^^^^^^^^^^^^^^^^^^^^^^^^^^^^^^^^^^^^^^^^^^^^^^^^^^^^^^^^^^^^^
Dec 02 02:27:28.477 INFO [stderr]     |
Dec 02 02:27:28.477 INFO [stderr]     = note: this `Result` may be an `Err` variant, which should be handled
Dec 02 02:27:28.477 INFO [stderr]     = note: this error originates in a macro outside of the current crate (in Nightly builds, run with -Z external-macro-backtrace for more info)
Dec 02 02:27:28.477 INFO [stderr] 
Dec 02 02:27:29.883 INFO [stderr]     Finished dev [unoptimized + debuginfo] target(s) in 3.09s
Dec 02 02:27:29.896 INFO [stderr] su: No module specific data is present
Dec 02 02:27:30.419 INFO running `"docker" "inspect" "6e719f396998885d2209138eadbcfaa4bdb3edef6876de1b219255d0bcd72583"`
Dec 02 02:27:30.880 INFO running `"docker" "rm" "-f" "6e719f396998885d2209138eadbcfaa4bdb3edef6876de1b219255d0bcd72583"`
Dec 02 02:27:31.243 INFO [stdout] 6e719f396998885d2209138eadbcfaa4bdb3edef6876de1b219255d0bcd72583
Dec 02 02:27:31.243 INFO running `"docker" "create" "-v" "/mnt/big/crater/work/local/target-dirs/beta-1.31-5/worker-0/master#8940af3cea4a9a9deabcaf843b2f8cad9a83fc61:/target:rw,Z" "-v" "/mnt/big/crater/work/local/test-source/worker-0/beta-1.31-5/master#8940af3cea4a9a9deabcaf843b2f8cad9a83fc61:/source:ro,Z" "-v" "/mnt/big/crater/work/local/cargo-home:/cargo-home:ro,Z" "-v" "/mnt/big/crater/work/local/rustup-home:/rustup-home:ro,Z" "-e" "USER_ID=1000" "-e" "SOURCE_DIR=/source" "-e" "USER_ID=1000" "-e" "CMD=cargo +8940af3cea4a9a9deabcaf843b2f8cad9a83fc61-alt test --frozen" "-e" "CARGO_TARGET_DIR=/target" "-e" "CARGO_INCREMENTAL=0" "-e" "RUST_BACKTRACE=full" "-e" "RUSTFLAGS=--cap-lints=warn" "-e" "CARGO_HOME=/cargo-home" "-e" "RUSTUP_HOME=/rustup-home" "-m" "1536M" "--network" "none" "crater"`
Dec 02 02:27:31.629 INFO [stdout] 0fb14b02163242cb18e48f12a3d7b40e464b082027ee233c12e58ebeb2bad7c6
Dec 02 02:27:31.634 INFO running `"docker" "start" "-a" "0fb14b02163242cb18e48f12a3d7b40e464b082027ee233c12e58ebeb2bad7c6"`
Dec 02 02:27:32.830 INFO [stderr] usermod: no changes
Dec 02 02:27:32.957 INFO [stderr]     Finished dev [unoptimized + debuginfo] target(s) in 0.09s
Dec 02 02:27:32.962 INFO [stderr]      Running /target/debug/deps/iching-396c9cbcb85a1114
Dec 02 02:27:32.968 INFO [stdout] 
Dec 02 02:27:32.968 INFO [stdout] running 0 tests
Dec 02 02:27:32.968 INFO [stdout] 
Dec 02 02:27:32.968 INFO [stdout] test result: ok. 0 passed; 0 failed; 0 ignored; 0 measured; 0 filtered out
Dec 02 02:27:32.968 INFO [stdout] 
Dec 02 02:27:32.968 INFO [stderr]      Running /target/debug/deps/iching-e4553fe7d48c7296
Dec 02 02:27:32.971 INFO [stdout] 
Dec 02 02:27:32.971 INFO [stdout] running 0 tests
Dec 02 02:27:32.971 INFO [stdout] 
Dec 02 02:27:32.971 INFO [stdout] test result: ok. 0 passed; 0 failed; 0 ignored; 0 measured; 0 filtered out
Dec 02 02:27:32.971 INFO [stdout] 
Dec 02 02:27:32.971 INFO [stderr]    Doc-tests iching
Dec 02 02:27:34.195 INFO [stdout] 
Dec 02 02:27:34.195 INFO [stdout] running 3 tests
Dec 02 02:27:40.343 INFO [stdout] test src/lib.rs -  (line 26) ... FAILED
Dec 02 02:27:41.179 INFO [stdout] test src/lib.rs -  (line 14) ... FAILED
Dec 02 02:27:41.251 INFO [stdout] test src/lib.rs -  (line 18) ... FAILED
Dec 02 02:27:41.251 INFO [stdout] 
Dec 02 02:27:41.251 INFO [stdout] failures:
Dec 02 02:27:41.252 INFO [stdout] 
Dec 02 02:27:41.252 INFO [stdout] ---- src/lib.rs -  (line 26) stdout ----
Dec 02 02:27:41.252 INFO [stdout] error[E0433]: failed to resolve: use of undeclared type or module `HexagramJson`
Dec 02 02:27:41.252 INFO [stdout]  --> src/lib.rs:30:44
Dec 02 02:27:41.252 INFO [stdout]   |
Dec 02 02:27:41.252 INFO [stdout] 6 |    let mut hexagrams: HexagramRepository = HexagramJson::new();
Dec 02 02:27:41.252 INFO [stdout]   |                                            ^^^^^^^^^^^^ use of undeclared type or module `HexagramJson`
Dec 02 02:27:41.252 INFO [stdout] 
Dec 02 02:27:41.252 INFO [stdout] error[E0433]: failed to resolve: use of undeclared type or module `Hexagram`
Dec 02 02:27:41.252 INFO [stdout]   --> src/lib.rs:37:23
Dec 02 02:27:41.252 INFO [stdout]    |
Dec 02 02:27:41.252 INFO [stdout] 13 |    let new_hexagram = Hexagram::from_coin_tosses();
Dec 02 02:27:41.252 INFO [stdout]    |                       ^^^^^^^^ use of undeclared type or module `Hexagram`
Dec 02 02:27:41.252 INFO [stdout] 
Dec 02 02:27:41.252 INFO [stdout] error[E0433]: failed to resolve: use of undeclared type or module `HexagramOrdering`
Dec 02 02:27:41.252 INFO [stdout]   --> src/lib.rs:39:56
Dec 02 02:27:41.252 INFO [stdout]    |
Dec 02 02:27:41.252 INFO [stdout] 15 |    let hexagram_number = new_hexagram.as_number(false, HexagramOrdering::KingWen);
Dec 02 02:27:41.253 INFO [stdout]    |                                                        ^^^^^^^^^^^^^^^^ use of undeclared type or module `HexagramOrdering`
Dec 02 02:27:41.253 INFO [stdout] 
Dec 02 02:27:41.253 INFO [stdout] error[E0412]: cannot find type `HexagramRepository` in this scope
Dec 02 02:27:41.253 INFO [stdout]  --> src/lib.rs:30:23
Dec 02 02:27:41.253 INFO [stdout]   |
Dec 02 02:27:41.253 INFO [stdout] 6 |    let mut hexagrams: HexagramRepository = HexagramJson::new();
Dec 02 02:27:41.253 INFO [stdout]   |                       ^^^^^^^^^^^^^^^^^^ not found in this scope
Dec 02 02:27:41.253 INFO [stdout] help: possible candidate is found in another module, you can import it into scope
Dec 02 02:27:41.253 INFO [stdout]   |
Dec 02 02:27:41.253 INFO [stdout] 2 | use iching::hexagram_repository::HexagramRepository;
Dec 02 02:27:41.253 INFO [stdout]   |
Dec 02 02:27:41.253 INFO [stdout] 
Dec 02 02:27:41.253 INFO [stdout] thread 'src/lib.rs -  (line 26)' panicked at 'couldn't compile the test', librustdoc/test.rs:332:13
Dec 02 02:27:41.253 INFO [stdout] stack backtrace:
Dec 02 02:27:41.253 INFO [stdout]    0:     0x7f57e763190f - std::sys::unix::backtrace::tracing::imp::unwind_backtrace::h3a8b83e1922cbdde
Dec 02 02:27:41.253 INFO [stdout]                                at libstd/sys/unix/backtrace/tracing/gcc_s.rs:49
Dec 02 02:27:41.253 INFO [stdout]    1:     0x7f57e7616897 - std::sys_common::backtrace::print::h00d3155a29b4020f
Dec 02 02:27:41.253 INFO [stdout]                                at libstd/sys_common/backtrace.rs:71
Dec 02 02:27:41.253 INFO [stdout]                                at libstd/sys_common/backtrace.rs:59
Dec 02 02:27:41.253 INFO [stdout]    2:     0x7f57e763ccef - std::panicking::default_hook::{{closure}}::hd7465c742e79e1bb
Dec 02 02:27:41.253 INFO [stdout]                                at libstd/panicking.rs:211
Dec 02 02:27:41.253 INFO [stdout]    3:     0x7f57e763c9ee - std::panicking::default_hook::h9e3966f2aa2a6e12
Dec 02 02:27:41.253 INFO [stdout]                                at libstd/panicking.rs:221
Dec 02 02:27:41.253 INFO [stdout]    4:     0x7f57e97c7951 - rustc::util::common::panic_hook::h27965632b67fe74e
Dec 02 02:27:41.253 INFO [stdout]    5:     0x7f57e763d4e6 - std::panicking::rust_panic_with_hook::h587f091ae747d080
Dec 02 02:27:41.253 INFO [stdout]                                at libstd/panicking.rs:480
Dec 02 02:27:41.253 INFO [stdout]    6:     0x55e1e7470b17 - std::panicking::begin_panic::hcef7ac517f7efe0f
Dec 02 02:27:41.253 INFO [stdout]                                at libstd/panicking.rs:410
Dec 02 02:27:41.253 INFO [stdout]    7:     0x55e1e7604cc7 - <rustdoc::test::Collector as rustdoc::test::Tester>::add_test::{{closure}}::{{closure}}::{{closure}}::h1a7d462b7674a13e
Dec 02 02:27:41.253 INFO [stdout]                                at librustdoc/test.rs:332
Dec 02 02:27:41.253 INFO [stdout]                                at librustdoc/test.rs:596
Dec 02 02:27:41.253 INFO [stdout]    8:     0x55e1e75ba1f8 - <scoped_tls::ScopedKey<T>>::set::h9a299037e2efdd79
Dec 02 02:27:41.253 INFO [stdout]                                at /cargo/registry/src/github.com-1ecc6299db9ec823/scoped-tls-0.1.2/src/lib.rs:155
Dec 02 02:27:41.253 INFO [stdout]                                at libsyntax/lib.rs:106
Dec 02 02:27:41.253 INFO [stdout]                                at /cargo/registry/src/github.com-1ecc6299db9ec823/scoped-tls-0.1.2/src/lib.rs:155
Dec 02 02:27:41.253 INFO [stdout]    9:     0x55e1e73be601 - syntax::with_globals::hc9a23e436a64729f
Dec 02 02:27:41.253 INFO [stdout]                                at libsyntax/lib.rs:105
Dec 02 02:27:41.253 INFO [stdout]   10:     0x55e1e7470dbb - std::panicking::try::do_call::hd95e3a92339aa7c0
Dec 02 02:27:41.253 INFO [stdout]                                at librustdoc/test.rs:593
Dec 02 02:27:41.253 INFO [stdout]                                at libstd/panic.rs:313
Dec 02 02:27:41.253 INFO [stdout]                                at libstd/panicking.rs:310
Dec 02 02:27:41.253 INFO [stdout]   11:     0x7f57e764acd9 - __rust_maybe_catch_panic
Dec 02 02:27:41.253 INFO [stdout]                                at libpanic_unwind/lib.rs:102
Dec 02 02:27:41.253 INFO [stdout]   12:     0x55e1e7493f49 - rustc_driver::in_named_rustc_thread::h5d5326e5f9843b1f
Dec 02 02:27:41.253 INFO [stdout]                                at libstd/panicking.rs:289
Dec 02 02:27:41.253 INFO [stdout]                                at libstd/panic.rs:392
Dec 02 02:27:41.253 INFO [stdout]                                at librustc_driver/lib.rs:1546
Dec 02 02:27:41.253 INFO [stdout]   13:     0x55e1e75d2eb0 - <F as alloc::boxed::FnBox<A>>::call_box::h85b70bbf522f8d35
Dec 02 02:27:41.253 INFO [stdout]                                at librustdoc/test.rs:593
Dec 02 02:27:41.253 INFO [stdout]                                at liballoc/boxed.rs:672
Dec 02 02:27:41.253 INFO [stdout]   14:     0x7f57e8cac022 - <F as alloc::boxed::FnBox<A>>::call_box::h37f4bb882553d58c
Dec 02 02:27:41.253 INFO [stdout]                                at libtest/lib.rs:1461
Dec 02 02:27:41.253 INFO [stdout]                                at liballoc/boxed.rs:672
Dec 02 02:27:41.253 INFO [stdout]   15:     0x7f57e764acd9 - __rust_maybe_catch_panic
Dec 02 02:27:41.253 INFO [stdout]                                at libpanic_unwind/lib.rs:102
Dec 02 02:27:41.253 INFO [stdout]   16:     0x7f57e8cd4462 - std::sys_common::backtrace::__rust_begin_short_backtrace::hb8f0d0309526c184
Dec 02 02:27:41.253 INFO [stdout]                                at libstd/panicking.rs:289
Dec 02 02:27:41.253 INFO [stdout]                                at libstd/panic.rs:392
Dec 02 02:27:41.253 INFO [stdout]                                at libtest/lib.rs:1423
Dec 02 02:27:41.253 INFO [stdout]                                at libstd/sys_common/backtrace.rs:136
Dec 02 02:27:41.253 INFO [stdout]   17:     0x7f57e8cd5204 - std::panicking::try::do_call::hc2f7c8b9a348d8db
Dec 02 02:27:41.253 INFO [stdout]                                at libstd/thread/mod.rs:409
Dec 02 02:27:41.253 INFO [stdout]                                at libstd/panic.rs:313
Dec 02 02:27:41.253 INFO [stdout]                                at libstd/panicking.rs:310
Dec 02 02:27:41.253 INFO [stdout]   18:     0x7f57e764acd9 - __rust_maybe_catch_panic
Dec 02 02:27:41.253 INFO [stdout]                                at libpanic_unwind/lib.rs:102
Dec 02 02:27:41.253 INFO [stdout]   19:     0x7f57e8cbd94c - <F as alloc::boxed::FnBox<A>>::call_box::h6bfded618e480b32
Dec 02 02:27:41.253 INFO [stdout]                                at libstd/panicking.rs:289
Dec 02 02:27:41.253 INFO [stdout]                                at libstd/panic.rs:392
Dec 02 02:27:41.253 INFO [stdout]                                at libstd/thread/mod.rs:408
Dec 02 02:27:41.253 INFO [stdout]                                at liballoc/boxed.rs:672
Dec 02 02:27:41.253 INFO [stdout]   20:     0x7f57e7637c9d - std::sys_common::thread::start_thread::h4c28257d67cdf9cb
Dec 02 02:27:41.253 INFO [stdout]                                at liballoc/boxed.rs:682
Dec 02 02:27:41.253 INFO [stdout]                                at libstd/sys_common/thread.rs:24
Dec 02 02:27:41.253 INFO [stdout]   21:     0x7f57e760d4d5 - std::sys::unix::thread::Thread::new::thread_start::hfecb2e7eff8fd34f
Dec 02 02:27:41.253 INFO [stdout]                                at libstd/sys/unix/thread.rs:90
Dec 02 02:27:41.253 INFO [stdout]   22:     0x7f57e71996b9 - start_thread
Dec 02 02:27:41.253 INFO [stdout]   23:     0x7f57e6cb941c - clone
Dec 02 02:27:41.253 INFO [stdout]   24:                0x0 - <unknown>
Dec 02 02:27:41.253 INFO [stdout] query stack during panic:
Dec 02 02:27:41.253 INFO [stdout] end of query stack
Dec 02 02:27:41.253 INFO [stdout] 
Dec 02 02:27:41.254 INFO [stdout] ---- src/lib.rs -  (line 14) stdout ----
Dec 02 02:27:41.254 INFO [stdout] error: expected one of `!`, `.`, `::`, `;`, `?`, `{`, `}`, or an operator, found `install`
Dec 02 02:27:41.254 INFO [stdout]  --> src/lib.rs:15:7
Dec 02 02:27:41.254 INFO [stdout]   |
Dec 02 02:27:41.254 INFO [stdout] 4 | cargo install iching
Dec 02 02:27:41.254 INFO [stdout]   |       ^^^^^^^ expected one of 8 possible tokens here
Dec 02 02:27:41.254 INFO [stdout] 
Dec 02 02:27:41.254 INFO [stdout] error[E0425]: cannot find value `cargo` in this scope
Dec 02 02:27:41.254 INFO [stdout]  --> src/lib.rs:15:1
Dec 02 02:27:41.254 INFO [stdout]   |
Dec 02 02:27:41.254 INFO [stdout] 4 | cargo install iching
Dec 02 02:27:41.254 INFO [stdout]   | ^^^^^ not found in this scope
Dec 02 02:27:41.254 INFO [stdout] 
Dec 02 02:27:41.254 INFO [stdout] thread 'src/lib.rs -  (line 14)' panicked at 'couldn't compile the test', librustdoc/test.rs:332:13
Dec 02 02:27:41.254 INFO [stdout] stack backtrace:
Dec 02 02:27:41.254 INFO [stdout]    0:     0x7f57e763190f - std::sys::unix::backtrace::tracing::imp::unwind_backtrace::h3a8b83e1922cbdde
Dec 02 02:27:41.254 INFO [stdout]                                at libstd/sys/unix/backtrace/tracing/gcc_s.rs:49
Dec 02 02:27:41.254 INFO [stdout]    1:     0x7f57e7616897 - std::sys_common::backtrace::print::h00d3155a29b4020f
Dec 02 02:27:41.254 INFO [stdout]                                at libstd/sys_common/backtrace.rs:71
Dec 02 02:27:41.254 INFO [stdout]                                at libstd/sys_common/backtrace.rs:59
Dec 02 02:27:41.254 INFO [stdout]    2:     0x7f57e763ccef - std::panicking::default_hook::{{closure}}::hd7465c742e79e1bb
Dec 02 02:27:41.254 INFO [stdout]                                at libstd/panicking.rs:211
Dec 02 02:27:41.254 INFO [stdout]    3:     0x7f57e763c9ee - std::panicking::default_hook::h9e3966f2aa2a6e12
Dec 02 02:27:41.254 INFO [stdout]                                at libstd/panicking.rs:221
Dec 02 02:27:41.254 INFO [stdout]    4:     0x7f57e97c7951 - rustc::util::common::panic_hook::h27965632b67fe74e
Dec 02 02:27:41.254 INFO [stdout]    5:     0x7f57e763d4e6 - std::panicking::rust_panic_with_hook::h587f091ae747d080
Dec 02 02:27:41.254 INFO [stdout]                                at libstd/panicking.rs:480
Dec 02 02:27:41.254 INFO [stdout]    6:     0x55e1e7470b17 - std::panicking::begin_panic::hcef7ac517f7efe0f
Dec 02 02:27:41.254 INFO [stdout]                                at libstd/panicking.rs:410
Dec 02 02:27:41.254 INFO [stdout]    7:     0x55e1e7604cc7 - <rustdoc::test::Collector as rustdoc::test::Tester>::add_test::{{closure}}::{{closure}}::{{closure}}::h1a7d462b7674a13e
Dec 02 02:27:41.254 INFO [stdout]                                at librustdoc/test.rs:332
Dec 02 02:27:41.254 INFO [stdout]                                at librustdoc/test.rs:596
Dec 02 02:27:41.254 INFO [stdout]    8:     0x55e1e75ba1f8 - <scoped_tls::ScopedKey<T>>::set::h9a299037e2efdd79
Dec 02 02:27:41.254 INFO [stdout]                                at /cargo/registry/src/github.com-1ecc6299db9ec823/scoped-tls-0.1.2/src/lib.rs:155
Dec 02 02:27:41.254 INFO [stdout]                                at libsyntax/lib.rs:106
Dec 02 02:27:41.254 INFO [stdout]                                at /cargo/registry/src/github.com-1ecc6299db9ec823/scoped-tls-0.1.2/src/lib.rs:155
Dec 02 02:27:41.254 INFO [stdout]    9:     0x55e1e73be601 - syntax::with_globals::hc9a23e436a64729f
Dec 02 02:27:41.254 INFO [stdout]                                at libsyntax/lib.rs:105
Dec 02 02:27:41.254 INFO [stdout]   10:     0x55e1e7470dbb - std::panicking::try::do_call::hd95e3a92339aa7c0
Dec 02 02:27:41.254 INFO [stdout]                                at librustdoc/test.rs:593
Dec 02 02:27:41.254 INFO [stdout]                                at libstd/panic.rs:313
Dec 02 02:27:41.254 INFO [stdout]                                at libstd/panicking.rs:310
Dec 02 02:27:41.254 INFO [stdout]   11:     0x7f57e764acd9 - __rust_maybe_catch_panic
Dec 02 02:27:41.254 INFO [stdout]                                at libpanic_unwind/lib.rs:102
Dec 02 02:27:41.254 INFO [stdout]   12:     0x55e1e7493f49 - rustc_driver::in_named_rustc_thread::h5d5326e5f9843b1f
Dec 02 02:27:41.254 INFO [stdout]                                at libstd/panicking.rs:289
Dec 02 02:27:41.254 INFO [stdout]                                at libstd/panic.rs:392
Dec 02 02:27:41.254 INFO [stdout]                                at librustc_driver/lib.rs:1546
Dec 02 02:27:41.254 INFO [stdout]   13:     0x55e1e75d2eb0 - <F as alloc::boxed::FnBox<A>>::call_box::h85b70bbf522f8d35
Dec 02 02:27:41.254 INFO [stdout]                                at librustdoc/test.rs:593
Dec 02 02:27:41.254 INFO [stdout]                                at liballoc/boxed.rs:672
Dec 02 02:27:41.254 INFO [stdout]   14:     0x7f57e8cac022 - <F as alloc::boxed::FnBox<A>>::call_box::h37f4bb882553d58c
Dec 02 02:27:41.254 INFO [stdout]                                at libtest/lib.rs:1461
Dec 02 02:27:41.254 INFO [stdout]                                at liballoc/boxed.rs:672
Dec 02 02:27:41.254 INFO [stdout]   15:     0x7f57e764acd9 - __rust_maybe_catch_panic
Dec 02 02:27:41.254 INFO [stdout]                                at libpanic_unwind/lib.rs:102
Dec 02 02:27:41.254 INFO [stdout]   16:     0x7f57e8cd4462 - std::sys_common::backtrace::__rust_begin_short_backtrace::hb8f0d0309526c184
Dec 02 02:27:41.254 INFO [stdout]                                at libstd/panicking.rs:289
Dec 02 02:27:41.254 INFO [stdout]                                at libstd/panic.rs:392
Dec 02 02:27:41.254 INFO [stdout]                                at libtest/lib.rs:1423
Dec 02 02:27:41.254 INFO [stdout]                                at libstd/sys_common/backtrace.rs:136
Dec 02 02:27:41.254 INFO [stdout]   17:     0x7f57e8cd5204 - std::panicking::try::do_call::hc2f7c8b9a348d8db
Dec 02 02:27:41.254 INFO [stdout]                                at libstd/thread/mod.rs:409
Dec 02 02:27:41.254 INFO [stdout]                                at libstd/panic.rs:313
Dec 02 02:27:41.254 INFO [stdout]                                at libstd/panicking.rs:310
Dec 02 02:27:41.254 INFO [stdout]   18:     0x7f57e764acd9 - __rust_maybe_catch_panic
Dec 02 02:27:41.254 INFO [stdout]                                at libpanic_unwind/lib.rs:102
Dec 02 02:27:41.254 INFO [stdout]   19:     0x7f57e8cbd94c - <F as alloc::boxed::FnBox<A>>::call_box::h6bfded618e480b32
Dec 02 02:27:41.254 INFO [stdout]                                at libstd/panicking.rs:289
Dec 02 02:27:41.254 INFO [stdout]                                at libstd/panic.rs:392
Dec 02 02:27:41.254 INFO [stdout]                                at libstd/thread/mod.rs:408
Dec 02 02:27:41.254 INFO [stdout]                                at liballoc/boxed.rs:672
Dec 02 02:27:41.254 INFO [stdout]   20:     0x7f57e7637c9d - std::sys_common::thread::start_thread::h4c28257d67cdf9cb
Dec 02 02:27:41.254 INFO [stdout]                                at liballoc/boxed.rs:682
Dec 02 02:27:41.254 INFO [stdout]                                at libstd/sys_common/thread.rs:24
Dec 02 02:27:41.254 INFO [stdout]   21:     0x7f57e760d4d5 - std::sys::unix::thread::Thread::new::thread_start::hfecb2e7eff8fd34f
Dec 02 02:27:41.254 INFO [stdout]                                at libstd/sys/unix/thread.rs:90
Dec 02 02:27:41.254 INFO [stdout]   22:     0x7f57e71996b9 - start_thread
Dec 02 02:27:41.254 INFO [stdout]   23:     0x7f57e6cb941c - clone
Dec 02 02:27:41.255 INFO [stdout]   24:                0x0 - <unknown>
Dec 02 02:27:41.255 INFO [stdout] query stack during panic:
Dec 02 02:27:41.255 INFO [stdout] end of query stack
Dec 02 02:27:41.255 INFO [stdout] 
Dec 02 02:27:41.255 INFO [stdout] ---- src/lib.rs -  (line 18) stdout ----
Dec 02 02:27:41.255 INFO [stdout] error[E0423]: expected value, found module `iching`
Dec 02 02:27:41.255 INFO [stdout]  --> src/lib.rs:19:1
Dec 02 02:27:41.255 INFO [stdout]   |
Dec 02 02:27:41.255 INFO [stdout] 4 | iching --help
Dec 02 02:27:41.255 INFO [stdout]   | ^^^^^^ not a value
Dec 02 02:27:41.255 INFO [stdout] 
Dec 02 02:27:41.255 INFO [stdout] error[E0425]: cannot find value `help` in this scope
Dec 02 02:27:41.255 INFO [stdout]  --> src/lib.rs:19:10
Dec 02 02:27:41.255 INFO [stdout]   |
Dec 02 02:27:41.255 INFO [stdout] 4 | iching --help
Dec 02 02:27:41.255 INFO [stdout]   |          ^^^^ not found in this scope
Dec 02 02:27:41.255 INFO [stdout] 
Dec 02 02:27:41.255 INFO [stdout] thread 'src/lib.rs -  (line 18)' panicked at 'couldn't compile the test', librustdoc/test.rs:332:13
Dec 02 02:27:41.255 INFO [stdout] stack backtrace:
Dec 02 02:27:41.255 INFO [stdout]    0:     0x7f57e763190f - std::sys::unix::backtrace::tracing::imp::unwind_backtrace::h3a8b83e1922cbdde
Dec 02 02:27:41.255 INFO [stdout]                                at libstd/sys/unix/backtrace/tracing/gcc_s.rs:49
Dec 02 02:27:41.255 INFO [stdout]    1:     0x7f57e7616897 - std::sys_common::backtrace::print::h00d3155a29b4020f
Dec 02 02:27:41.255 INFO [stdout]                                at libstd/sys_common/backtrace.rs:71
Dec 02 02:27:41.255 INFO [stdout]                                at libstd/sys_common/backtrace.rs:59
Dec 02 02:27:41.255 INFO [stdout]    2:     0x7f57e763ccef - std::panicking::default_hook::{{closure}}::hd7465c742e79e1bb
Dec 02 02:27:41.255 INFO [stdout]                                at libstd/panicking.rs:211
Dec 02 02:27:41.255 INFO [stdout]    3:     0x7f57e763c9ee - std::panicking::default_hook::h9e3966f2aa2a6e12
Dec 02 02:27:41.255 INFO [stdout]                                at libstd/panicking.rs:221
Dec 02 02:27:41.255 INFO [stdout]    4:     0x7f57e97c7951 - rustc::util::common::panic_hook::h27965632b67fe74e
Dec 02 02:27:41.255 INFO [stdout]    5:     0x7f57e763d4e6 - std::panicking::rust_panic_with_hook::h587f091ae747d080
Dec 02 02:27:41.255 INFO [stdout]                                at libstd/panicking.rs:480
Dec 02 02:27:41.255 INFO [stdout]    6:     0x55e1e7470b17 - std::panicking::begin_panic::hcef7ac517f7efe0f
Dec 02 02:27:41.255 INFO [stdout]                                at libstd/panicking.rs:410
Dec 02 02:27:41.255 INFO [stdout]    7:     0x55e1e7604cc7 - <rustdoc::test::Collector as rustdoc::test::Tester>::add_test::{{closure}}::{{closure}}::{{closure}}::h1a7d462b7674a13e
Dec 02 02:27:41.255 INFO [stdout]                                at librustdoc/test.rs:332
Dec 02 02:27:41.255 INFO [stdout]                                at librustdoc/test.rs:596
Dec 02 02:27:41.255 INFO [stdout]    8:     0x55e1e75ba1f8 - <scoped_tls::ScopedKey<T>>::set::h9a299037e2efdd79
Dec 02 02:27:41.255 INFO [stdout]                                at /cargo/registry/src/github.com-1ecc6299db9ec823/scoped-tls-0.1.2/src/lib.rs:155
Dec 02 02:27:41.255 INFO [stdout]                                at libsyntax/lib.rs:106
Dec 02 02:27:41.255 INFO [stdout]                                at /cargo/registry/src/github.com-1ecc6299db9ec823/scoped-tls-0.1.2/src/lib.rs:155
Dec 02 02:27:41.255 INFO [stdout]    9:     0x55e1e73be601 - syntax::with_globals::hc9a23e436a64729f
Dec 02 02:27:41.255 INFO [stdout]                                at libsyntax/lib.rs:105
Dec 02 02:27:41.255 INFO [stdout]   10:     0x55e1e7470dbb - std::panicking::try::do_call::hd95e3a92339aa7c0
Dec 02 02:27:41.255 INFO [stdout]                                at librustdoc/test.rs:593
Dec 02 02:27:41.255 INFO [stdout]                                at libstd/panic.rs:313
Dec 02 02:27:41.255 INFO [stdout]                                at libstd/panicking.rs:310
Dec 02 02:27:41.255 INFO [stdout]   11:     0x7f57e764acd9 - __rust_maybe_catch_panic
Dec 02 02:27:41.255 INFO [stdout]                                at libpanic_unwind/lib.rs:102
Dec 02 02:27:41.255 INFO [stdout]   12:     0x55e1e7493f49 - rustc_driver::in_named_rustc_thread::h5d5326e5f9843b1f
Dec 02 02:27:41.255 INFO [stdout]                                at libstd/panicking.rs:289
Dec 02 02:27:41.255 INFO [stdout]                                at libstd/panic.rs:392
Dec 02 02:27:41.255 INFO [stdout]                                at librustc_driver/lib.rs:1546
Dec 02 02:27:41.255 INFO [stdout]   13:     0x55e1e75d2eb0 - <F as alloc::boxed::FnBox<A>>::call_box::h85b70bbf522f8d35
Dec 02 02:27:41.255 INFO [stdout]                                at librustdoc/test.rs:593
Dec 02 02:27:41.255 INFO [stdout]                                at liballoc/boxed.rs:672
Dec 02 02:27:41.255 INFO [stdout]   14:     0x7f57e8cac022 - <F as alloc::boxed::FnBox<A>>::call_box::h37f4bb882553d58c
Dec 02 02:27:41.255 INFO [stdout]                                at libtest/lib.rs:1461
Dec 02 02:27:41.255 INFO [stdout]                                at liballoc/boxed.rs:672
Dec 02 02:27:41.255 INFO [stdout]   15:     0x7f57e764acd9 - __rust_maybe_catch_panic
Dec 02 02:27:41.255 INFO [stdout]                                at libpanic_unwind/lib.rs:102
Dec 02 02:27:41.255 INFO [stdout]   16:     0x7f57e8cd4462 - std::sys_common::backtrace::__rust_begin_short_backtrace::hb8f0d0309526c184
Dec 02 02:27:41.255 INFO [stdout]                                at libstd/panicking.rs:289
Dec 02 02:27:41.255 INFO [stdout]                                at libstd/panic.rs:392
Dec 02 02:27:41.255 INFO [stdout]                                at libtest/lib.rs:1423
Dec 02 02:27:41.255 INFO [stdout]                                at libstd/sys_common/backtrace.rs:136
Dec 02 02:27:41.255 INFO [stdout]   17:     0x7f57e8cd5204 - std::panicking::try::do_call::hc2f7c8b9a348d8db
Dec 02 02:27:41.255 INFO [stdout]                                at libstd/thread/mod.rs:409
Dec 02 02:27:41.255 INFO [stdout]                                at libstd/panic.rs:313
Dec 02 02:27:41.255 INFO [stdout]                                at libstd/panicking.rs:310
Dec 02 02:27:41.255 INFO [stdout]   18:     0x7f57e764acd9 - __rust_maybe_catch_panic
Dec 02 02:27:41.255 INFO [stdout]                                at libpanic_unwind/lib.rs:102
Dec 02 02:27:41.255 INFO [stdout]   19:     0x7f57e8cbd94c - <F as alloc::boxed::FnBox<A>>::call_box::h6bfded618e480b32
Dec 02 02:27:41.255 INFO [stdout]                                at libstd/panicking.rs:289
Dec 02 02:27:41.255 INFO [stdout]                                at libstd/panic.rs:392
Dec 02 02:27:41.255 INFO [stdout]                                at libstd/thread/mod.rs:408
Dec 02 02:27:41.255 INFO [stdout]                                at liballoc/boxed.rs:672
Dec 02 02:27:41.255 INFO [stdout]   20:     0x7f57e7637c9d - std::sys_common::thread::start_thread::h4c28257d67cdf9cb
Dec 02 02:27:41.255 INFO [stdout]                                at liballoc/boxed.rs:682
Dec 02 02:27:41.255 INFO [stdout]                                at libstd/sys_common/thread.rs:24
Dec 02 02:27:41.255 INFO [stdout]   21:     0x7f57e760d4d5 - std::sys::unix::thread::Thread::new::thread_start::hfecb2e7eff8fd34f
Dec 02 02:27:41.255 INFO [stdout]                                at libstd/sys/unix/thread.rs:90
Dec 02 02:27:41.255 INFO [stdout]   22:     0x7f57e71996b9 - start_thread
Dec 02 02:27:41.255 INFO [stdout]   23:     0x7f57e6cb941c - clone
Dec 02 02:27:41.255 INFO [stdout]   24:                0x0 - <unknown>
Dec 02 02:27:41.255 INFO [stdout] query stack during panic:
Dec 02 02:27:41.255 INFO [stdout] end of query stack
Dec 02 02:27:41.255 INFO [stdout] 
Dec 02 02:27:41.255 INFO [stdout] 
Dec 02 02:27:41.256 INFO [stdout] failures:
Dec 02 02:27:41.256 INFO [stdout]     src/lib.rs -  (line 14)
Dec 02 02:27:41.256 INFO [stdout]     src/lib.rs -  (line 18)
Dec 02 02:27:41.256 INFO [stdout]     src/lib.rs -  (line 26)
Dec 02 02:27:41.256 INFO [stdout] 
Dec 02 02:27:41.256 INFO [stdout] test result: FAILED. 0 passed; 3 failed; 0 ignored; 0 measured; 0 filtered out
Dec 02 02:27:41.256 INFO [stdout] 
Dec 02 02:27:41.275 INFO [stderr] error: test failed, to rerun pass '--doc'
Dec 02 02:27:41.277 INFO [stderr] su: No module specific data is present
Dec 02 02:27:42.419 INFO running `"docker" "inspect" "0fb14b02163242cb18e48f12a3d7b40e464b082027ee233c12e58ebeb2bad7c6"`
Dec 02 02:27:42.597 INFO running `"docker" "rm" "-f" "0fb14b02163242cb18e48f12a3d7b40e464b082027ee233c12e58ebeb2bad7c6"`
Dec 02 02:27:42.872 INFO [stdout] 0fb14b02163242cb18e48f12a3d7b40e464b082027ee233c12e58ebeb2bad7c6
